
{"id":10,"date":"2024-03-03T18:47:46","date_gmt":"2024-03-03T23:47:46","guid":{"rendered":"https:\/\/compliancecorporativo.com.co\/?page_id=10"},"modified":"2024-03-03T18:47:46","modified_gmt":"2024-03-03T23:47:46","slug":"mision","status":"publish","type":"page","link":"https:\/\/compliancecorporativo.com.co\/index.php\/mision\/","title":{"rendered":"Misi\u00f3n"},"content":{"rendered":"\n<p>Como Compliance Corporativo S.A.S, aseguramos que una empresa opere de manera \u00e9tica, legal y responsable en todas sus actividades y relaciones comerciales. Esto implica cumplir con todas las leyes y regulaciones aplicables, as\u00ed como tambi\u00e9n adherirse a est\u00e1ndares \u00e9ticos y pr\u00e1cticas comerciales responsables.<\/p>\n\n\n\n<p>Creamos y mantenemos un entorno empresarial donde se valore y promueva la integridad, la responsabilidad y el cumplimiento de las leyes y est\u00e1ndares \u00e9ticos. Esto no solo protege a la empresa de riesgos legales y financieros, sino que tambi\u00e9n contribuye a su reputaci\u00f3n y sostenibilidad a largo plazo.<\/p>\n\n\n\n<p><strong>Integridad y \u00c9tica:<\/strong> Promover una cultura organizacional basada en la integridad, la \u00e9tica y el respeto hacia todas las partes interesadas, tanto internas como externas.<\/p>\n\n\n\n<p><strong>Cumplimiento Legal:<\/strong> Garantizar que la empresa cumpla con todas las leyes y regulaciones pertinentes en todas las jurisdicciones donde opera.<\/p>\n\n\n\n<p><strong>Gesti\u00f3n de Riesgos:<\/strong> Identificar, evaluar y gestionar los riesgos legales y \u00e9ticos asociados con las operaciones de la empresa.<\/p>\n\n\n\n<p><strong>Transparencia:<\/strong> Promover la transparencia en todas las operaciones y procesos empresariales, incluida la divulgaci\u00f3n adecuada de informaci\u00f3n relevante a todas las partes interesadas.<\/p>\n\n\n\n<p><strong>Responsabilidad Corporativa:<\/strong> Asumir la responsabilidad por las acciones de la empresa y sus impactos en la sociedad, el medio ambiente y otras partes interesadas.<\/p>\n\n\n\n<p><strong>Prevenci\u00f3n de Delitos Corporativos:<\/strong> Prevenir y detectar posibles delitos corporativos como el fraude, la corrupci\u00f3n, el lavado de dinero y el soborno.<\/p>\n\n\n\n<p><strong>Cultura de Cumplimiento:<\/strong> Fomentar una cultura de cumplimiento en toda la organizaci\u00f3n, donde todos los empleados comprendan la importancia del cumplimiento y se comprometan a actuar de manera \u00e9tica y legal en todo momento.<\/p>\n","protected":false},"excerpt":{"rendered":"<p>Como Compliance Corporativo S.A.S, aseguramos que una empresa opere de manera \u00e9tica, legal y responsable en todas sus actividades y relaciones comerciales. Esto implica cumplir con todas las leyes y regulaciones aplicables, as\u00ed como tambi\u00e9n adherirse a est\u00e1ndares \u00e9ticos y pr\u00e1cticas comerciales responsables. Creamos y mantenemos un entorno empresarial donde se valore y promueva la [&hellip;]<\/p>\n","protected":false},"author":1,"featured_media":0,"parent":0,"menu_order":0,"comment_status":"closed","ping_status":"closed","template":"","meta":{"_monsterinsights_skip_tracking":false,"_monsterinsights_sitenote_active":false,"_monsterinsights_sitenote_note":"","_monsterinsights_sitenote_category":0,"footnotes":""},"aioseo_notices":[],"_links":{"self":[{"href":"https:\/\/compliancecorporativo.com.co\/index.php\/wp-json\/wp\/v2\/pages\/10"}],"collection":[{"href":"https:\/\/compliancecorporativo.com.co\/index.php\/wp-json\/wp\/v2\/pages"}],"about":[{"href":"https:\/\/compliancecorporativo.com.co\/index.php\/wp-json\/wp\/v2\/types\/page"}],"author":[{"embeddable":true,"href":"https:\/\/compliancecorporativo.com.co\/index.php\/wp-json\/wp\/v2\/users\/1"}],"replies":[{"embeddable":true,"href":"https:\/\/compliancecorporativo.com.co\/index.php\/wp-json\/wp\/v2\/comments?post=10"}],"version-history":[{"count":0,"href":"https:\/\/compliancecorporativo.com.co\/index.php\/wp-json\/wp\/v2\/pages\/10\/revisions"}],"wp:attachment":[{"href":"https:\/\/compliancecorporativo.com.co\/index.php\/wp-json\/wp\/v2\/media?parent=10"}],"curies":[{"name":"wp","href":"https:\/\/api.w.org\/{rel}","templated":true}]}}